17
Let j(q) = -2*q**3 + 7659*q**2 + 138508*q - 35. Calculate j(-18).
1
Let x(v) = v**3 - 27*v**2 - 226*v - 83. What is x(34)?
325
Let c(t) = t**3 + 117*t**2 + 2164*t + 48. Determine c(-23).
2
Let h(a) = -a**3 - 10*a**2 + 153*a + 1399. Give h(-8).
47
Let i(z) = 4*z**2 + 926*z + 6299. Determine i(-7).
13
Let r(a) = 8589*a + 50111. Determine r(-6).
-1423
Let b(d) = -223*d + 81585. Calculate b(366).
-33
Let s(n) = 118*n**2 + 15850*n - 26927. Give s(-136).
1
Let i(q) = 34*q**3 + 375*q**2 - 193*q - 2258. Give i(-11).
-14
Let r(a) = -14581*a**2 + 2289217*a + 3. What is r(157)?
3
Let z(x) = -x**3 + 17211*x**2 - 103230*x + 3. What is z(6)?
3
Let g(n) = 36738*n - 404108. What is g(11)?
10
Let p(c) = -921*c + 6346. Calculate p(7).
-101
Let d(j) = -21*j**2 + 1280*j + 26. Determine d(61).
-35
Let k(p) = 4630*p**2 - 8*p - 7. Give k(0).
-7
Let l(h) = 69*h**3 - 2761*h**2 + 27*h + 510. Give l(40).
-10
Let a(m) = -61211*m + 2203666. Determine a(36).
70
Let q(y) = 21*y**3 + 21*y**2 - 85*y + 110. Give q(2).
192
Let v(m) = 2*m**3 + 338*m**2 - 21899*m - 85. Determine v(50).
-35
Let l(j) = -875*j + 188528. Give l(215).
403
Let c(l) = l**3 - 77*l**2 + 201*l + 6670. Give c(73).
27
Let v(c) = 2*c**2 + 171*c - 1274. Determine v(7).
21
Let o(m) = 149*m**3 - 70*m**2 + 433*m - 363. Determine o(1).
149
Let g(l) = -9*l**2 + 841*l + 287455. Calculate g(-138).
1
Let t(v) = 3406*v - 265674. Calculate t(78).
-6
Let x(p) = 3*p**3 - 1797*p**2 - 3597*p - 5220. Give x(601).
189
Let f(u) = -7*u**3 + 364*u**2 - 364*u + 374. Determine f(51).
17
Let o(b) = b**3 - 771*b**2 + 12065*b + 11346. Give o(755).
21
Let f(b) = 1421*b - 265646. Give f(187).
81
Let d(x) = 2*x**2 - 233*x + 5687. Give d(44).
-693
Let i(q) = -q**3 + 21*q**2 + 454*q - 7731. Calculate i(14).
-3
Let n(f) = f**3 + 76*f**2 - 8*f + 912. What is n(-76)?
1520
Let g(t) = -543*t - 70398. What is g(-130)?
192
Let w(g) = -16761*g - 1257019. Calculate w(-75).
56
Let u(b) = -37*b**2 - 2158*b - 306. Calculate u(-58).
390
Let c(h) = -1052*h**2 + 44192*h - 420. Calculate c(42).
-84
Let q(y) = 46*y**2 + 1180*y + 21. Calculate q(-25).
-729
Let o(c) = -22*c**2 + 7407*c + 2352. What is o(337)?
-7
Let q(x) = -178*x + 7794. Calculate q(50).
-1106
Let v(k) = -2*k**2 + 126*k + 2068. Determine v(-15).
-272
Let q(a) = -a**3 + 8*a**2 + 5589*a - 39179. Give q(7).
-7
Let p(m) = 3147*m - 69707. Give p(22).
-473
Let v(g) = 3*g**3 + 25*g**2 + 1664*g + 13240. Give v(-8).
-8
Let m(t) = t**2 + 58*t + 778. Calculate m(-40).
58
Let l(i) = 19*i**3 - 85*i**2 - 13*i + 9. Calculate l(3).
-282
Let c(s) = -s**3 - 145*s**2 + 125*s - 3476. What is c(-146)?
-410
Let u(o) = 3*o**3 + 117*o**2 + 432*o - 16. Calculate u(-35).
-436
Let l(y) = 836207*y + 7525861. Give l(-9).
-2
Let h(z) = -95*z - 13787. Calculate h(-142).
-297
Let n(d) = d**3 - 24*d**2 - 10054*d + 260046. Give n(26).
-6
Let j(c) = 2463*c - 66464. Calculate j(27).
37
Let g(h) = -166*h**2 + 3064*h - 14129. Give g(9).
1
Let g(y) = 2762*y + 162952. Determine g(-59).
-6
Let l(q) = -9986*q - 958744. Give l(-96).
-88
Let m(r) = -637*r - 38849. Determine m(-61).
8
Let w(m) = -7*m**2 + 4518*m - 45206. Determine w(10).
-726
Let g(x) = x**2 - 297*x + 19345. What is g(184)?
-1447
Let n(w) = -631*w + 6360. Calculate n(9).
681
Let d(c) = c**3 - 24*c**2 - 501*c + 11450. Determine d(27).
110
Let h(f) = -f**3 - 39*f**2 - 101*f + 578. Determine h(-6).
-4
Let m(h) = -8*h**2 - 557*h + 3833. Give m(-76).
-43
Let n(b) = 2*b**2 - 194*b - 36. What is n(106)?
1872
Let d(t) = -t**3 - 26*t**2 - 111*t - 5621. Determine d(-29).
121
Let f(q) = -97*q**2 + 222*q + 96. Determine f(2).
152
Let c(l) = -8979*l - 125525. Determine c(-14).
181
Let m(w) = w**3 + 22*w**2 + 137*w + 134. Calculate m(-6).
-112
Let n(o) = -4*o**2 - 357*o + 155. Calculate n(-92).
-857
Let l(r) = -10061*r - 5684475. Calculate l(-565).
-10
Let j(f) = -11*f**3 - 630*f**2 - 188*f - 682. Determine j(-57).
287
Let t(r) = r**3 + 46*r**2 - 1090*r - 457. What is t(-62)?
5619
Let w(l) = 147294*l + 1178361. What is w(-8)?
9
Let k(x) = 40*x**2 + 2799*x - 43. Determine k(-70).
27
Let x(a) = 5505*a + 39019. Give x(-7).
484
Let o(h) = -h**3 - 18*h**2 + 30*h + 53. Calculate o(-19).
-156
Let x(t) = -6*t**2 + 33*t + 11. What is x(5)?
26
Let k(r) = -r**3 + 422*r**2 + 1506*r + 84363. What is k(426)?
15
Let h(d) = -d**2 - 482*d - 8795. Calculate h(-463).
2
Let m(n) = -74*n**2 + 434*n + 29. What is m(6)?
-31
Let v(j) = 55685*j - 389811. Calculate v(7).
-16
Let c(z) = z**2 + 96*z + 444. What is c(-31)?
-1571
Let u(s) = 1026*s + 8170. Determine u(-8).
-38
Let l(f) = -70*f**2 + 12284*f - 6076. Determine l(175).
-126
Let u(h) = -h**2 + 173762*h + 3128045. Determine u(-18).
5
Let g(t) = -t**3 + 78*t**2 - 622*t - 397. What is g(69)?
-466
Let m(z) = -16345*z - 833925. Give m(-51).
-330
Let w(i) = 264*i**2 - 1044*i - 1045. What is w(-1)?
263
Let y(m) = -89*m**2 + 2448*m - 60. Give y(28).
-1292
Let f(j) = 2*j**3 - 13*j**2 + 11*j + 22. Give f(7).
148
Let b(m) = -m**3 + 19*m**2 - 51*m - 250. Give b(8).
46
Let j(v) = 7*v**2 + 1285*v + 511. Determine j(-183).
-221
Let a(c) = -92*c**2 + 24*c - 90. Determine a(2).
-410
Let x(t) = t**3 + 264*t**2 - 3779*t + 31421. Determine x(-278).
7
Let q(j) = j**2 + 770*j + 136685. Determine q(-278).
-91
Let p(t) = -t**2 + 240*t - 8909. What is p(194)?
15
Let d(n) = -693*n - 101065. Calculate d(-145).
-580
Let z(j) = 99*j**2 - 497*j + 495. Determine z(1).
97
Let k(r) = -r**3 + 41*r**2 + 252*r + 145. Calculate k(47).
-1265
Let g(q) = 9*q**3 - 1232*q**2 - 117*q - 2573. Determine g(137).
167
Let h(l) = 2654*l - 1401317. Give h(528).
-5
Let g(x) = -x**3 + 14*x**2 + 480*x - 1048. Determine g(29).
257
Let o(z) = -12*z**2 - 12*z - 7. Calculate o(-7).
-511
Let i(u) = -u**3 + 20*u**2 - 10*u - 42. Determine i(-5).
633
Let i(o) = 19441*o - 1321974. Give i(68).
14
Let t(f) = -24966*f + 374500. Give t(15).
10
Let q(u) = -u**3 - 85*u**2 + 6*u - 926. Calculate q(-85).
-1436
Let w(k) = -650*k**2 - 9744*k + 65. Give w(-15).
-25
Let t(s) = -3*s**3 + 701*s**2 + 1646*s + 1409. Give t(236).
-7
Let r(x) = 279*x + 18956. Determine r(-68).
-16
Let g(i) = 2*i**2 - 47*i + 665. Calculate g(22).
599
Let b(f) = -f**2 + 106*f + 9984. Give b(-62).
-432
Let h(s) = -2165*s - 73588. Give h(-34).
22
Let f(d) = -d**3 - 102*d**2 - 1526*d - 100920. Determine f(-97).
57
Let g(t) = -8*t**2 - 295*t + 716. What is g(-39)?
53
Let t(v) = -10*v**3 + 150*v**2 - 513*v - 156. Determine t(6).
6
Let c(o) = -3*o**3 + 27*o**2 + 262*o - 291. Determine c(18).
-4323
Let d(p) = 7603*p - 113989. Determine d(15).
56
Let h(j) = -218549*j - 1748490. Give h(-8).
-98
Let y(q) = q**3 - 539*q**2 - 463924*q + 915. Give y(-463).
-11
Let g(w) = 39*w**2 - 22*w - 456. Calculate g(-7).
1609
Let s(l) = -321490*l - 321501. Determine s(-1).
-11
Let g(y) = 9*y**2 - 1325*y + 6672. What is g(142)?
-2
Let o(s) = -5*s**2 - 614*s + 209268. What is o(-275)?
-7
Let d(t) = 3*t**2 + 105*t - 759. Determine d(5).
-159
Let u(c) = -10163*c + 122008. Give u(12).
52
Let i(t) = 12625*t - 984700. Give i(78).
50
Let v(h) = -1539*h + 8372. Give v(5).
677
Let k(q) = -q**3 + 28*q**2 + 117*q - 3707. Determine k(28).
-431
Let v(p) = -p**3 - 69*p**2 - 1218*p - 2407. Give v(-36).
-1327
Let a(y) = 1877*y + 368121. What is a(-196)?
229
Let s(w) = 13*w**2 + 6748*w - 20273. Give s(3).
88
Let d(p) = 3*p**2 - 1494*p - 12085. Give d(-8).
59
Let h(p) = 6*p**3 + 5323*p**2 + 759*p - 113542. Calculate h(-887).
-6
Let c(x) = -317*x - 4206. What is c(-13)?
-85
Let z(h) = -146*h - 20489. Calculate z(-139).
-195
Let l(u) = u**3 - 19*u**2 - 32152*u + 515201. Calculate l(16).
1
Let t(v) = 2*v**3 - 86*v**2 + 1495*v - 64319. Determine t(43).
-34
Let t(w) = -w**3 - 198*w**2 + 1249*w + 1680. Calculate t(-204).
-3420
Let s(w) = 22*w**2 - 353*w - 7374. Calculate s(28).
-10
Let n(g) = g**3 - 21*g**2 + 1356*g - 19029. What is n(15)?
-39
Let m(b) = -50*b**2 - 50*b + 1266. Calculate m(0).
1266
Let h(a) = -189884*a - 2. What is h(0)?
-2
Let k(l) = -213*l**2 - 17247*l + 153. What is k(-81)?
-333
Let f(b) = 308*b**2 + 12936*b - 15. Give f(-42).
-15
Let r(z) = -12577*z - 3295169. Determine r(-262).
5
Let x(n) = 221*n**2 + 28950*n - 150. Give x(-131).
-19
Let f(m) = -938*m + 3135. Calculate f(3).
321
Let m(j) = -1843*j - 37012. Give m(-20).
-152
Let c(v) = v**3 - 96*v**2 - 211*v + 1544. G